15, -f = -0*f - 5*x. Let u(d) = -2527*d + 2526*d - 6*d**3 + f*d**3 + 2*d**2. What is u(q)?
-2
Let g(m) = -17*m**2 + 38*m - 16. Let z(k) = 4*k**2 - 9*k - 1. Let r(f) = -g(f) - 3*z(f). Determine r(6).
133
Suppose -12*n - 4*r + 17 = -11*n, -2*n = -2*r + 26. Let b(g) = g**3 + 6*g**2 - 5*g + 9. Calculate b(n).
-5
Let l(p) = p**2 + 5*p - 11. Suppose -10*z - 525 = -17*z. Let r be 50/z*21/(-2). Calculate l(r).
3
Let p(t) = t**2 - t. Let m(v) = 4*v**2 + 5*v - 9. Let l(w) = m(w) - 3*p(w). Let k be l(-8). Let s(i) = 1 + 2*i - 3*i - 9. What is s(k)?
1
Let g(l) = -3149*l**3 + 1049*l**3 + 43 + 1047*l**3 + 1052*l**3 + 28*l**2 - 54*l. Calculate g(26).
-9
Let l(t) = -t + 1. Let a(d) = d**2 + 16*d + 11. Let x(w) = -5*w - 4. Let q(o) = -6*a(o) - 17*x(o). Let i(s) = -5*l(s) + q(s). Determine i(-2).
-15
Let l(d) be the third derivative of d**5/60 + d**4/12 - d**3/2 - 6*d**2. Let b = 76 + -74. Let q be b*(-7)/14 - 4. Calculate l(q).
12
Let w(p) be the second derivative of -p**5/20 - 11*p**4/12 - 5*p**3/6 - 6*p**2 - 1954*p. Determine w(-11).
43
Let z be 4/6*210/(-28). Suppose f - 5*m - 11 = 0, -5 = 4*m - 1. Let h = z + f. Let s(q) = -11*q**2 + 1. What is s(h)?
-10
Let z(q) = -5*q - 31. Suppose -2*l + 10 = -2*n, -15 = -4*n + 5*n + 4*l. Give z(n).
4
Suppose -5*i + r = -103 + 214, -2*i - 24 = 3*r. Let v(t) = -t**2 - 20*t - 3. What is v(i)?
-24
Suppose 55*f + 3*y - 9 = 50*f, f + 6 = 2*y. Suppose 1 = -2*j + c, 3*j + f*c = -5*c - 8. Let t(v) = -v - 1. Calculate t(j).
0
Let t(b) = 2*b + 12. Let f(s) = 3*s + 18. Let j(v) = 5*f(v) - 8*t(v). Suppose -515*c - 100 = -495*c. Give j(c).
-1
Let l(j) = 4*j - 3*j**2 + 6*j**3 - 7*j**3 + 2*j**3 + 8 + 6*j**2. Let v(f) = 2*f**3 - 31*f**2 + 28*f - 198. Let a be v(15). Determine l(a).
-4
Let d(x) = 2*x - 13. Let s = -3076 + 3083. Give d(s).
1
Let t(g) be the third derivative of g**5/60 - g**4/3 + g**3/6 + 3978*g**2. Let s(c) = c - 4. Let b be s(13). Determine t(b).
10
Suppose 23 = -4*j - s, j + 4*s - 2*s = -11. Let c be 11/(-5) - 1/j. Let m(a) = 3221 + 3216 - 4*a**2 - 6436. Determine m(c).
-15
Let d(v) = -1. Let b(y) = y**2 + 7*y - 5. Let r(o) = 16*o + 81. Let j be r(-5). Let l(n) = j*b(n) + 5*d(n). What is l(-7)?
-10
Let l be (-2)/(-4)*(-120)/10. Let m(s) = 85*s + 14. Let k(d) = -35*d - 7. Let a(y) = -5*k(y) - 2*m(y). What is a(l)?
-23
Let m(f) = 35*f - 377. Let g be m(11). Let o(r) = -15*r - 3. Let l(v) = 7*v + 1. Let b(c) = -13*l(c) - 6*o(c). What is b(g)?
-3
Let v(r) = r**3 - 25*r**2 + 48*r - 30. Let t be v(23). Suppose -22*h + t = 38. Let a(j) be the first derivative of -10*j**2 - j - 1. Determine a(h).
19
Let r(u) = 0*u**3 - 4*u - 36 - 39 + u**3 + 62 - 17*u + 19*u**2. Calculate r(-20).
7
Let g(w) = 3*w**2 + 48*w + 21. Let r be g(-16). Suppose -3*b = 2*a - 20, r = -10*b + 13*b + 3*a. Let s(f) = -2*f + 8. What is s(b)?
-4
Suppose 7 = 4*b - 4*u - 21, 0 = 2*b - u - 11. Suppose 3 + 21 = b*q. Let g(c) = -2*c - 1. Calculate g(q).
-13
Let n(j) = -4*j**2 + 8*j + 23. Let c(g) = -11*g**2 + 24*g + 68. Let d(h) = 3*c(h) - 8*n(h). Let t be 1/((136/120)/17) + -5. Give d(t).
0
Let q(l) = 2*l**2 - 13*l + 6. Let s be 13/((-1690)/(-20)) + (-932)/(-26). Suppose s = 5*i + 6. Determine q(i).
0
Let m(n) = -14*n - 25. Let p be m(-1). Let d(c) = c**2 + 7*c - 45. Calculate d(p).
-1
Let a be 16/6 - ((-20)/6 - -3). Let r be a/2*13/(234/(-60)). Let y(l) = l**2 + 6*l + 10. Give y(r).
5
Let t = 1586 + -1540. Let v(x) = -3*x + 132. Calculate v(t).
-6
Let m(n) = -21*n - 90. Let v(x) = -4*x. Let o(f) = -m(f) + 2*v(f). Calculate o(-6).
12
Let s(l) be the second derivative of -5*l**2 + 0 + 28*l + 5/6*l**3 - 1/12*l**4. Determine s(4).
-6
Suppose 572*v - 605*v - 50 + 149 = 0. Let j(q) be the first derivative of -q**4/4 + 4*q**3/3 + q**2/2 - 3*q + 2. What is j(v)?
9
Let j(b) = 10*b + 13. Let m = 140 - 142. Let v be j(m). Let i(z) = z**3 + 8*z**2 + 6*z + 9. Determine i(v).
16
Suppose -4*b + 2*j = -34, -3*j - 15 = -3*b + 12. Let l(a) = 3*a**2 + 23*a - 19. Let z(n) = -11*n**2 - 81*n + 66. Let f(m) = -18*l(m) - 5*z(m). What is f(b)?
4
Let w(j) = -9*j - 2. Let m(u) = 34*u + 250. Let f be m(-7). Suppose f*l - 3 = t + 14*l, 0 = -2*l - 4. Determine w(t).
-11
Let u(d) = d**2 - 7*d - 4. Let j be 0*(117/27)/13. Give u(j).
-4
Let a(l) = -419*l - 1246. Let y be a(-3). Let i(s) = -s**2 + 14*s - 29. Calculate i(y).
4
Let r(q) = 31*q**3 - q**2 + 21679*q - 21679*q. Give r(-1).
-32
Let p(d) = 8*d**3 + 6*d**3 - 8*d - 13*d**3 - 9*d**2 - 9. Let q be p(10). Suppose 0 = q*v + 46 + 9. Let n(f) = -f**2 - 3*f + 7. Calculate n(v).
-3
Let r(x) = -19 - 87*x + 10 - 14 + 59*x. Let f be r(-1). Let t(g) be the second derivative of g**5/20 - g**4/3 - 7*g**3/6 + 3*g**2/2 - g. Calculate t(f).
-7
Let f(t) be the third derivative of -t**7/840 - t**6/90 - t**5/120 - 37*t**3 + 211*t**2. Let c(d) be the first derivative of f(d). What is c(-5)?
30
Suppose -26*d - 24*d = -150. Let z(o) = o**2 - 9*o + 17. Give z(d).
-1
Suppose 40*h - 22*h - 252 = 0. Suppose -h*o + 21 = -7*o. Let f(p) = -p**2 + 5*p - 2. Let r(d) = -2*d**2 + 9*d - 3. Let q(t) = 5*f(t) - 3*r(t). Give q(o).
2
Suppose -5*u + b = -43, 3*u + 15 = 4*b + 51. Suppose 6*h = 7*h + u. Let p(g) be the second derivative of g**4/12 + 4*g**3/3 + 173*g. Determine p(h).
0
Let w(s) = -s**3 + 4*s**2 - 2*s - 3. Suppose 60 = 4*r + 28. Suppose 7*b - 9*b + r = 0. Let x be (b - (-4 - -2))*(-3)/(-6). Determine w(x).
0
Suppose 46126*v + 264 = 46102*v. Let d(x) = -x**2 - 55*x - 484. Determine d(v).
0
Let k(h) = 50*h + 11 + 47*h - 95*h. Suppose -44*u - 68 = 240. Give k(u).
-3
Let t = -26413 - -26411. Let c(o) = -35*o - 18. What is c(t)?
52
Let z(m) = -2*m**3 + 15*m**2 - 5*m - 8. Suppose -4*a + 5*w = a - 320, 3*w = a - 72. Let g = a + -53. Let p be z(g). Let c(r) = r**2 - 6*r - 1. Determine c(p).
-1
Let k(l) = l**3 + 7*l**2 + 4*l - 8. Let s = 32 - 18. Suppose 46 = 6*u - s. Let h = u - 16. Determine k(h).
4
Let i be (-1 + -2)*(-14)/6. Let p(n) = -3*n - 6*n**2 + 40815911*n**3 + 0*n - 40815910*n**3 - 4*n + 4. What is p(i)?
4
Let x(t) = t + 2. Let q(j) = -j. Let s(c) = -c**2 + 9*c - 12. Let l(a) = 2*q(a) + s(a). Let f be l(3). What is x(f)?
2
Let f(c) = -126*c**2 + 247*c**2 + 7*c + 2 - 122*c**2. Let d(y) = 3*y - 44. Let r be d(17). Give f(r).
2
Let k(r) = -7*r + 15. Let n(t) = -t**2 - 13*t + 3. Let l be n(-13). Let d be k(l). Let m(f) = -f**2 - 9*f - 6. Determine m(d).
12
Let v(n) = -184 + 210 - 43*n + 66*n**2 - 64*n**2. What is v(21)?
5
Let y(h) = -6*h**2 - 5*h + 65. Let c(a) = -7*a**2 - 4*a + 65. Let t(n) = -4*c(n) + 5*y(n). Let j(l) be the first derivative of t(l). Calculate j(-7).
19
Suppose -4*u = -55*d + 51*d - 20, 4*d = u + 7. Let y(n) = -n**3 + 8*n**2 + 12*n - 7. Calculate y(u).
20
Let i(m) = 21*m - 37. Let k be i(6). Let x(a) = a**3 - 3*a**2 - k + 5*a - 3*a**2 + 93. Give x(5).
4
Let r(q) = q**3 + 7*q**2 + 4*q - 3. Let y(u) = 159*u + 199 - 520*u + 158*u + u**2 + 0*u**2 + 174*u. Let h be y(17). Calculate r(h).
27
Let z(k) = 109 + 3*k**2 - 44 - 5*k - 52 - 4*k**2. Let x = -699 - -693. Give z(x).
7
Let l be (6/3)/(4/82). Let r(a) = 12 - 2 + 8*a - 40*a**2 + l*a**2 + 0. Give r(-4).
-6
Let f = -195 - -197. Let t(q) = 97 - 2*q**f - 95 - 3*q**3 + 2*q**3 - q. What is t(-3)?
14
Suppose -7*g = -3*g - 4. Let y(s) be the second derivative of -s**3/2 + 758*s - 5. Determine y(g).
-3
Let b(c) = -10*c - 63. Let y = -495 + 489. Determine b(y).
-3
Let u(n) = n - 16 - 22 + 3*n + 0*n. Let f be u(10). Let c(p) = p + 5*p - f*p - 2*p. What is c(-5)?
-10
Let h(f) = 5*f - 23. Let v be h(7). Let m = 19 - v. Let b(a) = a**3 - 8*a**2 + 4*a + 7. Give b(m).
-14
Let x(q) = 25*q + 15. Let t(u) = -7 + 197*u - 5 - 218*u - 2. Let v(y) = 6*t(y) + 5*x(y). Calculate v(-12).
3
Let g(r) be the third derivative of r**4/4 - r**3/3 + 3763*r**2. Let u(x) = x**3 + 8*x**2 - 4. Let z be u(-8). Calculate g(z).
-26
Let m(a) = -8*a - 11. Suppose 0 = -y - 2*v + 2 - 8, 3*v - 2 = 4*y. Let g(t) = 4*t + 6. Let u(o) = y*m(o) - 5*g(o). Give u(-6).
16
Let x(f) = f - 5. Let y(r) = r**2 + 15*r - 104. Let h be y(-20). Determine x(h).
-9
Let g(h) = 182*h**2 + 3640*h - 4. Let d be g(-20). Let v(f) = -f**2 - f + 4. What is v(d)?
-8
Let m(r) = r**3 + 2*r**2 + 120*r + 4. Let t(c) = 3*c**3 + 7*c**2 + 330*c + 11. Let s(b) = -11*m(b) + 4*t(b). Let f be (-11 - -2)/(-1)*6/(-9). What is s(f)?
0
Let q = 181 - 179. Let c(f) = 0*f + 7*f**q + f*